{"id":58,"date":"2013-09-24T14:01:28","date_gmt":"2013-09-24T14:01:28","guid":{"rendered":"http:\/\/berliner.grafikkalender.de\/?page_id=58"},"modified":"2025-09-22T13:59:36","modified_gmt":"2025-09-22T13:59:36","slug":"die-edition","status":"publish","type":"page","link":"https:\/\/berliner.grafikkalender.de\/?page_id=58","title":{"rendered":"\u00dcber uns"},"content":{"rendered":"<p>[et_pb_section fb_built=&#8220;1&#8243; _builder_version=&#8220;4.16&#8243; global_colors_info=&#8220;{}&#8220;][et_pb_row _builder_version=&#8220;4.16&#8243; background_size=&#8220;initial&#8220; background_position=&#8220;top_left&#8220; background_repeat=&#8220;repeat&#8220; global_colors_info=&#8220;{}&#8220;][et_pb_column type=&#8220;4_4&#8243; _builder_version=&#8220;4.16&#8243; custom_padding=&#8220;|||&#8220; global_colors_info=&#8220;{}&#8220; custom_padding__hover=&#8220;|||&#8220;][et_pb_text _builder_version=&#8220;4.27.4&#8243; hover_enabled=&#8220;0&#8243; global_colors_info=&#8220;{}&#8220; sticky_enabled=&#8220;0&#8243;]<\/p>\n<p><img data-recalc-dims=\"1\" loading=\"lazy\" decoding=\"async\" src=\"https:\/\/i0.wp.com\/berliner.grafikkalender.de\/wp-content\/uploads\/2025\/09\/20250914_174731.jpg?resize=443%2C332&#038;ssl=1\" width=\"443\" height=\"332\" alt=\"\" class=\"wp-image-984 alignleft size-full\" \/><img data-recalc-dims=\"1\" loading=\"lazy\" decoding=\"async\" src=\"https:\/\/i0.wp.com\/berliner.grafikkalender.de\/wp-content\/uploads\/2025\/09\/IMG_8946.jpg?resize=443%2C332&#038;ssl=1\" width=\"443\" height=\"332\" alt=\"\" class=\"wp-image-985 alignleft size-full\" \/><\/p>\n<p>&nbsp;<\/p>\n<p>&nbsp;<\/p>\n<p>&nbsp;<\/p>\n<p>&nbsp;<\/p>\n<p>&nbsp;<\/p>\n<p>&nbsp;<\/p>\n<p>&nbsp;<\/p>\n<p>&nbsp;<\/p>\n<p>&nbsp;<\/p>\n<p>&nbsp;<\/p>\n<p><strong>Berliner Grafikkalender\u00a0<\/strong><\/p>\n<p><strong>Die kleine Kunstsammlung in Form eines Kalenders<\/strong><\/p>\n<p>Seit fast 20 Jahren erscheint der Berliner Grafikkalender regelm\u00e4\u00dfig in jedem Herbst und ist inzwischen eine feste Institution unter Grafiksammlern geworden.<\/p>\n<p>12 Originalgrafiken von 12 namhaften Berliner K\u00fcnstlern, handsigniert und numeriert (Auflage 150 Exemplare), ergeben jedes Jahr neu eine sehr vielf\u00e4ltige kleine Kunstsammlung in der Form eines Kalenders.<\/p>\n<p>Die Grafiken k\u00f6nnen leicht von den Kalendarien entfernt werden, also als Einzelbl\u00e4tter gerahmt, pr\u00e4sentiert und verschenkt werden.<\/p>\n<p>Kurzbiographien der K\u00fcnstler finden Sie hier auf unserer Internet-Seite &#8222;Die K\u00fcnstler&#8220;<\/p>\n<p>&nbsp;<\/p>\n<p>&nbsp;<\/p>\n<p>Zur herausgebenden Gruppe des Berliner Grafikkalenders geh\u00f6ren aktuell:<br \/>Wolfgang R\u00fcppel, Ute Lindner und Patrick Huber (im Wechsel), J\u00fcrgen Kellig, Javis Lauva, Toni Wirthm\u00fcller, Helmut Gutbrod, Anna Fiegen,<br \/>Paula Schmidt, Michael Bause, Helmut Metzner, Christian Rothmann, Jochen Stenschke<\/p>\n<p>F\u00fcr die aktuelle Edition des Berliner Grafikkalenders 2026 haben wir Anna Fiegen gewinnen k\u00f6nnen.<\/p>\n<p>&nbsp;<\/p>\n<p>&nbsp;<\/p>\n<p>&nbsp;<\/p>\n<p>&nbsp;<\/p>\n<p>&nbsp;<\/p>\n<p><em>\u00a0<\/em><\/p>\n<p>&nbsp;<\/p>\n<p>&nbsp;<\/p>\n<p>[\/et_pb_text][\/et_pb_column][\/et_pb_row][\/et_pb_section]<\/p>\n","protected":false},"excerpt":{"rendered":"<p>&nbsp; &nbsp; &nbsp; &nbsp; &nbsp; &nbsp; &nbsp; &nbsp; &nbsp; &nbsp; Berliner Grafikkalender\u00a0 Die kleine Kunstsammlung in Form eines Kalenders Seit fast 20 Jahren erscheint der Berliner Grafikkalender regelm\u00e4\u00dfig in jedem Herbst und ist inzwischen eine feste Institution unter Grafiksammlern geworden. 12 Originalgrafiken von 12 namhaften Berliner K\u00fcnstlern, handsigniert und numeriert (Auflage 150 Exemplare), ergeben jedes [&hellip;]<\/p>\n","protected":false},"author":1,"featured_media":0,"parent":0,"menu_order":0,"comment_status":"open","ping_status":"open","template":"","meta":{"_et_pb_use_builder":"on","_et_pb_old_content":"<p>Zur herausgebenden Gruppe des Berliner Grafikkalenders geh\u00f6ren aktuell:<br>Wolfgang R\u00fcppel, Ute Lindner, J\u00fcrgen Kellig, Javis Lauva, Toni Wirthm\u00fcller, Helmut Gutbrod, Ka Bomhardt,<br>Paula Schmidt, Michael Bause, Helmut Metzner, Christian Rothmann, Jochen Stenschke<\/p><p>&nbsp;<\/p><p><a href=\"http:\/\/berliner.grafikkalender.de\/wp-content\/uploads\/ngg_featured\/25.jpg\"><img class=\"alignnone size-full wp-image-61\" src=\"http:\/\/berliner.grafikkalender.de\/wp-content\/uploads\/ngg_featured\/25.jpg\" alt=\"25\" width=\"500\" height=\"376\"><\/a><\/p><p>von links nach rechts:<em> helmut metzner, jochen stenschke, ulrike hogrebe, wolfgang r\u00fcppel, irene jourdan-koch,<br>paula schmidt, christian rothmann, michael bause, gisela genthner, javis lauva, toni wirthm\u00fcller, stefan fahrnl\u00e4nder, giselas hund (atelier christian rothmann)<br><\/em><\/p><p>Irene Jourdan-Koch ist aus der Gruppe ausgeschieden.<br>Neues Mitglied ist seit 2011 Helmut Gutbrod<br>Mit der Edition 2017 stellen wir 3 neue Mitglieder vor: Ute Lindner, Ka Bomhardt und J\u00fcrgen Kellig.<br>Stefan Fahrnl\u00e4nder, Gisela Genthner und Ulrike Hogrebe scheiden aus der Gruppe aus.<\/p><p><strong>Berliner Grafikkalender Edition 2017<\/strong><\/p><p><strong>Die kleine Kunstsammlung in Form eines Kalenders<\/strong><\/p><p>Seit fast 20 Jahren erscheint der Berliner Grafikkalender regelm\u00e4\u00dfig in jedem Herbst und ist inzwischen eine feste Institution unter Grafiksammlern geworden.<\/p><p>12 Originalgrafiken von 12 namhaften Berliner K\u00fcnstlern, handsigniert und numeriert (Auflage 150 Exemplare), ergeben jedes Jahr neu eine sehr vielf\u00e4ltige kleine Kunstsammlung in der Form eines Kalenders.<\/p><p>Die Grafiken k\u00f6nnen leicht von den Kalendarien entfernt werden, also als Einzelbl\u00e4tter gerahmt, pr\u00e4sentiert und verschenkt werden.<\/p><p>Kurzbiographien der K\u00fcnstler finden Sie hier auf unserer Internet-Seite.<\/p>","_et_gb_content_width":"","ngg_post_thumbnail":0,"jetpack_post_was_ever_published":false,"footnotes":""},"class_list":["post-58","page","type-page","status-publish","hentry"],"jetpack_sharing_enabled":true,"jetpack_shortlink":"https:\/\/wp.me\/P7Z7IB-W","_links":{"self":[{"href":"https:\/\/berliner.grafikkalender.de\/index.php?rest_route=\/wp\/v2\/pages\/58","targetHints":{"allow":["GET"]}}],"collection":[{"href":"https:\/\/berliner.grafikkalender.de\/index.php?rest_route=\/wp\/v2\/pages"}],"about":[{"href":"https:\/\/berliner.grafikkalender.de\/index.php?rest_route=\/wp\/v2\/types\/page"}],"author":[{"embeddable":true,"href":"https:\/\/berliner.grafikkalender.de\/index.php?rest_route=\/wp\/v2\/users\/1"}],"replies":[{"embeddable":true,"href":"https:\/\/berliner.grafikkalender.de\/index.php?rest_route=%2Fwp%2Fv2%2Fcomments&post=58"}],"version-history":[{"count":21,"href":"https:\/\/berliner.grafikkalender.de\/index.php?rest_route=\/wp\/v2\/pages\/58\/revisions"}],"predecessor-version":[{"id":994,"href":"https:\/\/berliner.grafikkalender.de\/index.php?rest_route=\/wp\/v2\/pages\/58\/revisions\/994"}],"wp:attachment":[{"href":"https:\/\/berliner.grafikkalender.de\/index.php?rest_route=%2Fwp%2Fv2%2Fmedia&parent=58"}],"curies":[{"name":"wp","href":"https:\/\/api.w.org\/{rel}","templated":true}]}}

Über uns

<p>[et_pb_section fb_built=&#8220;1&#8243; _builder_version=&#8220;4.16&#8243; global_colors_info=&#8220;{}&#8220;][et_pb_row _builder_version=&#8220;4.16&#8243; background_size=&#8220;initial&#8220; background_position=&#8220;top_left&#8220; background_repeat=&#8220;repeat&#8220; global_colors_info=&#8220;{}&#8220;][et_pb_column type=&#8220;4_4&#8243; _builder_version=&#8220;4.16&#8243; custom_padding=&#8220;|||&#8220; global_colors_info=&#8220;{}&#8220; custom_padding__hover=&#8220;|||&#8220;][et_pb_text _builder_version=&#8220;4.27.4&#8243; hover_enabled=&#8220;0&#8243; global_colors_info=&#8220;{}&#8220; sticky_enabled=&#8220;0&#8243;]</p>
<p><img data-recalc-dims="1" loading="lazy" decoding="async" src="https://i0.wp.com/berliner.grafikkalender.de/wp-content/uploads/2025/09/20250914_174731.jpg?resize=443%2C332&#038;ssl=1" width="443" height="332" alt="" class="wp-image-984 alignleft size-full" /><img data-recalc-dims="1" loading="lazy" decoding="async" src="https://i0.wp.com/berliner.grafikkalender.de/wp-content/uploads/2025/09/IMG_8946.jpg?resize=443%2C332&#038;ssl=1" width="443" height="332" alt="" class="wp-image-985 alignleft size-full" /></p>
<p>&nbsp;</p>
<p>&nbsp;</p>
<p>&nbsp;</p>
<p>&nbsp;</p>
<p>&nbsp;</p>
<p>&nbsp;</p>
<p>&nbsp;</p>
<p>&nbsp;</p>
<p>&nbsp;</p>
<p>&nbsp;</p>
<p><strong>Berliner Grafikkalender </strong></p>
<p><strong>Die kleine Kunstsammlung in Form eines Kalenders</strong></p>
<p>Seit fast 20 Jahren erscheint der Berliner Grafikkalender regelmäßig in jedem Herbst und ist inzwischen eine feste Institution unter Grafiksammlern geworden.</p>
<p>12 Originalgrafiken von 12 namhaften Berliner Künstlern, handsigniert und numeriert (Auflage 150 Exemplare), ergeben jedes Jahr neu eine sehr vielfältige kleine Kunstsammlung in der Form eines Kalenders.</p>
<p>Die Grafiken können leicht von den Kalendarien entfernt werden, also als Einzelblätter gerahmt, präsentiert und verschenkt werden.</p>
<p>Kurzbiographien der Künstler finden Sie hier auf unserer Internet-Seite &#8222;Die Künstler&#8220;</p>
<p>&nbsp;</p>
<p>&nbsp;</p>
<p>Zur herausgebenden Gruppe des Berliner Grafikkalenders gehören aktuell:<br />Wolfgang Rüppel, Ute Lindner und Patrick Huber (im Wechsel), Jürgen Kellig, Javis Lauva, Toni Wirthmüller, Helmut Gutbrod, Anna Fiegen,<br />Paula Schmidt, Michael Bause, Helmut Metzner, Christian Rothmann, Jochen Stenschke</p>
<p>Für die aktuelle Edition des Berliner Grafikkalenders 2026 haben wir Anna Fiegen gewinnen können.</p>
<p>&nbsp;</p>
<p>&nbsp;</p>
<p>&nbsp;</p>
<p>&nbsp;</p>
<p>&nbsp;</p>
<p><em> </em></p>
<p>&nbsp;</p>
<p>&nbsp;</p>
<p>[/et_pb_text][/et_pb_column][/et_pb_row][/et_pb_section]</p>

<p>&nbsp; &nbsp; &nbsp; &nbsp; &nbsp; &nbsp; &nbsp; &nbsp; &nbsp; &nbsp; Berliner Grafikkalender  Die kleine Kunstsammlung in Form eines Kalenders Seit fast 20 Jahren erscheint der Berliner Grafikkalender regelmäßig in jedem Herbst und ist inzwischen eine feste Institution unter Grafiksammlern geworden. 12 Originalgrafiken von 12 namhaften Berliner Künstlern, handsigniert und numeriert (Auflage 150 Exemplare), ergeben jedes [&hellip;]</p>

<p>Zur herausgebenden Gruppe des Berliner Grafikkalenders gehören aktuell:<br>Wolfgang Rüppel, Ute Lindner, Jürgen Kellig, Javis Lauva, Toni Wirthmüller, Helmut Gutbrod, Ka Bomhardt,<br>Paula Schmidt, Michael Bause, Helmut Metzner, Christian Rothmann, Jochen Stenschke</p><p>&nbsp;</p><p><a href="http://berliner.grafikkalender.de/wp-content/uploads/ngg_featured/25.jpg"><img class="alignnone size-full wp-image-61" src="http://berliner.grafikkalender.de/wp-content/uploads/ngg_featured/25.jpg" alt="25" width="500" height="376"></a></p><p>von links nach rechts:<em> helmut metzner, jochen stenschke, ulrike hogrebe, wolfgang rüppel, irene jourdan-koch,<br>paula schmidt, christian rothmann, michael bause, gisela genthner, javis lauva, toni wirthmüller, stefan fahrnländer, giselas hund (atelier christian rothmann)<br></em></p><p>Irene Jourdan-Koch ist aus der Gruppe ausgeschieden.<br>Neues Mitglied ist seit 2011 Helmut Gutbrod<br>Mit der Edition 2017 stellen wir 3 neue Mitglieder vor: Ute Lindner, Ka Bomhardt und Jürgen Kellig.<br>Stefan Fahrnländer, Gisela Genthner und Ulrike Hogrebe scheiden aus der Gruppe aus.</p><p><strong>Berliner Grafikkalender Edition 2017</strong></p><p><strong>Die kleine Kunstsammlung in Form eines Kalenders</strong></p><p>Seit fast 20 Jahren erscheint der Berliner Grafikkalender regelmäßig in jedem Herbst und ist inzwischen eine feste Institution unter Grafiksammlern geworden.</p><p>12 Originalgrafiken von 12 namhaften Berliner Künstlern, handsigniert und numeriert (Auflage 150 Exemplare), ergeben jedes Jahr neu eine sehr vielfältige kleine Kunstsammlung in der Form eines Kalenders.</p><p>Die Grafiken können leicht von den Kalendarien entfernt werden, also als Einzelblätter gerahmt, präsentiert und verschenkt werden.</p><p>Kurzbiographien der Künstler finden Sie hier auf unserer Internet-Seite.</p>
